 631. Let q(f) = f**3 - 10*f**2 + 10*f - 9. Calculate q(l).
0
Let d(q) be the third derivative of -q**4/8 - 8*q**3/3 - 16*q**2 - 7. Calculate d(-5).
-1
Let y(t) be the first derivative of t**2 - 26*t + 119. What is y(16)?
6
Let r(d) be the third derivative of -d**5/60 + d**4/8 - 3*d**3/2 + 196*d**2 + 2. Calculate r(8).
-49
Let w(o) be the second derivative of 1/3*o**3 + 8*o - 5*o**2 + 0. Calculate w(8).
6
Let j(y) = -9*y + 9. Let m be j(2). Suppose 3*l + 3*z + 12 = -0*l, 4*z + 17 = -3*l. Let a be ((-9)/m)/(l/(-5)). Let n(p) = -p**2 - 3*p + 2. Determine n(a).
-8
Let l(q) be the first derivative of q**2 - 3*q - 2. Let c be (-93)/(-4 + 20/8). Let n be 8/(-44) + c/(-22). Give l(n).
-9
Let y(h) be the second derivative of 7*h - 1/3*h**3 + h**2 + 0. What is y(-4)?
10
Let f be -20*(-10*(-1)/(-4) - 0). Let o(x) = -51*x**3 + 0 + f*x**3 + x**2 + x - 8. Calculate o(0).
-8
Suppose -3*d = -2*c - d + 44, -d = 3. Suppose c - 46 = 3*o. Let p(a) = -a**2 - 9*a + 5. Calculate p(o).
5
Let q(g) = -5*g**2 + 2*g + 1. Let j be (-120)/(-10) - 0 - 13. Calculate q(j).
-6
Let l(x) = -x**3 + 3*x**2 + x - 4. Let a(u) = -4*u - 22. Let g be a(-6). Suppose 0 = -3*y - 12, -3*y - g*y = -p + 23. Give l(p).
-1
Let n = -5 + 9. Suppose -18 = n*l - l + 2*q, -4*q = -l - 6. Let d(p) = -2 - 3 - 2 - 2*p. Calculate d(l).
5
Let y(r) = 2*r + 12 - 1 - r. Suppose 68 + 58 = -14*s. Determine y(s).
2
Suppose 72 = 6*s - 3*s. Let q(j) = -11*j + 1 + s*j - 15*j. Suppose 0 = -c + 2*l - 1, 5*c + 5 = -0*l + 5*l. Calculate q(c).
3
Let c = -118 + 113. Let o(i) = i**3 + 4*i**2 - 6*i - 4. What is o(c)?
1
Let a(l) = 4*l**2 - 2*l. Suppose -33*j + 72 - 6 = 0. Give a(j).
12
Let a be 1/4 - 65/52. Suppose 6*q = 5*q + 5*v + 11, 4*q - v - 6 = 0. Let p(u) = -2*u + 16*u**3 - u**3 - 3*u - q - u**2 + 3*u. What is p(a)?
-15
Let i(v) = -v**2 - 6*v - 1. Let z = -7 - 2. Let y = z - -9. Let o be -8 - 3*(-1 - y). Determine i(o).
4
Let g be 5/4 - (-12)/16. Let u(s) be the second derivative of s**4/12 - s**3/2 + 3*s**2/2 + 161*s. Give u(g).
1
Let c(z) = 3*z - 5. Let j(v) = -1. Let p(s) = -3*s**3 + s. Let t be p(1). Let f(w) = w - 2. Let u(a) = t*f(a) + 14*j(a). Let d be u(-7). Determine c(d).
7
Let g = 5 + -4. Let w(u) be the first derivative of u**2 + 2*u - 4. Let r(d) = -2*d - 3. Let c(i) = -2*r(i) - 3*w(i). Calculate c(g).
-2
Let d be ((-55)/(-44))/((-3)/12). Let x(w) = -15*w - 5. Calculate x(d).
70
Let d(k) be the first derivative of k**2/2 + 1. Suppose i + 8 = 424*o - 423*o, 5*o = 20. Give d(i).
-4
Let r(d) = -3*d. Let a(f) = f. Let v(j) = 3*a(j) + 2*r(j). Give v(-2).
6
Let s(y) = -y**2 + 11*y - 8 + 2*y - 7*y. Let o = 8 + 6. Let m = o - 8. What is s(m)?
-8
Let r(q) be the second derivative of q**4/12 - 4*q**3/3 - 3*q**2/2 - q. Suppose 5*c + 1293*u - 75 = 1288*u, 2*u = c + 6. Calculate r(c).
-3
Let z be (-265)/20 + (-4)/(-16). Let a be 1*-1*(z - -18). Let u(h) be the third derivative of h**6/120 + h**5/15 - h**4/6 + h**3/6 - h**2. Calculate u(a).
-4
Let z(g) = -g**2 + 9*g - 14. Suppose -3*s = 3*h - 14 + 5, -h + s = -13. What is z(h)?
-6
Let o(j) = 3*j**2 - j - 2. Let s = -23 + 24. Let f be (-2 + s)/((-9)/(-189)). Let v be (14/f)/((-2)/6). Determine o(v).
8
Let b(u) = -4*u + 25. Let f be b(7). Let x(w) = 6*w + 7. Calculate x(f).
-11
Let b(x) = -x - 1. Let j(i) = 4. Let a(p) = b(p) + j(p). Let c = -105 + 111. Let v be (-4)/c - ((-10)/15 - 6). Determine a(v).
-3
Let l(j) be the third derivative of -1/2*j**3 + 0*j**4 + 0 - 32*j**2 + 0*j - 1/60*j**5. Let v = 1 - 1. Give l(v).
-3
Let y(q) = -q. Let w = 4 - -3. Let t be 3 - -2 - (-4 + w). Calculate y(t).
-2
Let z(a) be the second derivative of a**4/12 - 4*a**3/3 + 2*a**2 - a. Let j(y) = -y**2 + 2*y + 7 - 32*y**3 + 13*y**3 + 18*y**3. Let t be j(0). What is z(t)?
-3
Let i(b) be the third derivative of b**8/6720 - b**7/1260 - b**6/720 + b**5/15 + 9*b**2. Let d(c) be the third derivative of i(c). Give d(3).
14
Let a(x) = x**3 - 4*x**2 + 4*x. Suppose 3*q + 5*g - 24 = 0, -2*q = -5*g - 2 + 11. Let i be a(q). Let s(n) = -i*n + n + 4*n + 3. What is s(5)?
13
Let l(y) = -y**3 - 3*y**2 + 5*y + 2. Suppose 2*r = 3*x - 42, -2*r - r = 9. Let s be (-1)/(0 + 4/x). Determine l(s).
-13
Let h(i) = i**3 + 7*i**2 + 9*i + 1. Let t be h(-5). Let p(q) = -2*q**2 - 215 + q**2 + t*q + 216. Suppose -x + 28 = 5*j, 1 = -2*x + 4*j - 13. Calculate p(x).
10
Let q(r) = r**2 - 9*r + 11. Let k = 404 + -396. Calculate q(k).
3
Suppose 0*f + 10 = -2*f, 2*k + f = -1. Let s(p) = -2*p - 4*p**2 + 3*p - 7*p**k + 10*p**2. Give s(-1).
-2
Let r(c) = c - 27. Let h = -7 + 7. Determine r(h).
-27
Let d(p) be the first derivative of -p**4/2 - p**3 - p**2 + 2*p - 241. Calculate d(-3).
35
Let j(v) = 5*v**2 - 4*v**2 + 8 - 4*v - 8*v + 4*v. Let i(o) = -4 - 2*o - 1 - 1. Let l be i(-6). What is j(l)?
-4
Let y(a) be the first derivative of a**3/3 - 4*a + 13. Let l be -1*(2/1 + 1). Determine y(l).
5
Let d = -120 + 122. Let v(y) = 5*y**2 - 5*y + 4. Give v(d).
14
Let h(a) be the first derivative of -a**4/4 - a**3 - a**2 + a + 1. Suppose 2*p - 4*p + 3*m = 6, 2*p + 6 = m. Determine h(p).
7
Let t be -14 + 6 - -7 - -1. Let v(y) = y**2 + 11 + 0*y**2 - 2*y + y. What is v(t)?
11
Suppose -2*m + 5*m + 36 = 0. Let t = m + 11. Let s(n) = -4*n**3 - 2*n**2 + 4*n + 3. Let l(d) = -d**3 + d**2 - d - 1. Let y(h) = 3*l(h) + s(h). Calculate y(t).
7
Let a(b) be the second derivative of b**5/5 - b**4/6 + b**3/6 - 3*b. Let i = 15 + -11. Let j be ((-1)/3)/(i/(-12)). Give a(j).
3
Let u(s) = -2*s. Let x be u(-3). Let k be 45/15 + (-1 - 1). Let q(z) = 963*z**2 + k - 5 - 964*z**2 + 6*z. Give q(x).
-4
Let v(q) be the first derivative of -q**3/3 - 3*q**2/2 + 10*q - 123. What is v(-6)?
-8
Let w(g) = 2*g**3 - 2*g**2 - 3*g + 3. Suppose -5*h - 23 = -4*h. Let t = h - -25. Give w(t).
5
Let v(q) = -8*q - 3. Let f be (288/(-64))/((-18)/4). What is v(f)?
-11
Let x(i) = 5 + 0*i - 5*i + 4*i + i**2 - 2*i**2. Give x(4).
-15
Let a(x) be the second derivative of -x**3/3 + 3*x**2 + 16*x. Let v be a(2). Let n(u) = 2*u**3 - u**2 - 3*u**3 + 2*u**2 + 1. Calculate n(v).
-3
Let t(f) = -f + 14. Let a(z) = 6*z + 93. Let j be a(-13). What is t(j)?
-1
Let l(a) = -a + 3. Suppose 7*k + 112 = 21*k. Give l(k).
-5
Let o(f) = 2105 - f - 2112 - f**2 + 12*f. Give o(9).
11
Let w = 333 - 333. Let v(c) = -c**3 - c**2 - 8. Calculate v(w).
-8
Let v(n) = n**2 + 3*n + 2. Suppose -2*z + 38 = -7*z + 2*h, 0 = 2*z + 4*h - 4. What is v(z)?
20
Let x = -527 + 527. Let o(b) be the third derivative of x - 1/20*b**5 + 0*b + 0*b**3 + 0*b**4 + b**2. Give o(-1).
-3
Let v(u) = u**3 + 7*u**2 - 4*u - 17. Let d be v(-7). Let s(x) = 3*x + 8 + 4*x**2 - x - 5*x**2 + 9*x. What is s(d)?
8
Let c be -7 - (-5)/(5/2). Let n(z) be the second derivative of z**5/20 + 5*z**4/12 - z**3/3 - z**2 + 30*z. Determine n(c).
8
Let f(k) be the second derivative of 7*k**4/6 + 13*k**3/3 - 21*k**2/2 - 3*k. Let s(a) = 5*a**2 + 9*a - 7. Let y(j) = 4*f(j) - 11*s(j). Determine y(-6).
-1
Let c(l) = l**2 - 5*l - 4. Suppose 3*r - r - x - 4 = 0, 20 = -5*x. Let a be (-1)/(-2 + r)*14. What is c(a)?
10
Let c(n) be the third derivative of -n**7/1008 + n**6/240 + 7*n**5/60 - 15*n**2. Let q(u) be the third derivative of c(u). Give q(2).
-7
Let y be (-10)/6*(-6)/5. Let q(z) = 1599 - 1594 - y*z + 0*z. Determine q(-5).
15
Let o(b) = -8*b + 19. Suppose 77*i - 392 = -21*i. What is o(i)?
-13
Suppose -6*u + 15*u = 36. Let n(d) = d + d**3 + 0*d - 3*d**3 + 2*d + u + 3*d**2. Determine n(3).
-14
Suppose 3*m + 30 = -0*m. Let y be (-2)/m + (-93)/15. Let i(j) = -7*j**2 - 7 - 4*j - j**3 + j**2 + j. Determine i(y).
11
Let x(a) = -8*a - 2. Let d be x(-1). Suppose -z + 5*o = 23, 4*o = -d*z + z + 1. Let p(t) = 5*t + 2. Give p(z).
-13
Let k(n) be the third derivative of -n**4/24 - 5*n**3/6 + n**2. Let a(j) = -j**2 - 5*j + 8. Let t be a(-6). Suppose t = l + g, 5*g - 2*g = -5*l. What is k(l)?
-2
Let j(n) = -7*n**3 - 4*n**2 + 3*n - 2. Let s(h) = -h**2. Let x(p) = -j(p) + s(p). Calculate x(2).
64
Let d(n) be the second derivative of -n**3/2 + 3*n**2 + 5*n. Let b = -16 - -17. Let s be b + 0 - 45/(-15). Calculate d(s).
-6
Let j(m) = -20 - 10 + 7 - 445*m**2 - 17*m + 446*m**2. Give j(18).
-5
Let i = -21 + 23. Let y(n) = -2 - n**i - 2*n**3 - n**3 + 0 + n**3. Determine y(-2).
10
Let d(q) = -10*q**3 - 27*q**2 - 27*q - 30. Let v(k) = 3*k**3 + 9*k**2 + 9*k + 10. Let y(m) = -2*d(m) - 7*v(m). L